{"id":16946,"date":"2025-10-04T21:40:56","date_gmt":"2025-10-04T21:40:56","guid":{"rendered":"https:\/\/dermaquint.com.mx\/?post_type=product&#038;p=16946"},"modified":"2025-10-04T21:40:56","modified_gmt":"2025-10-04T21:40:56","slug":"volumen-xtreme","status":"publish","type":"product","link":"https:\/\/dermaquint.com.mx\/?product=volumen-xtreme","title":{"rendered":"VOLUMEN XTREME"},"content":{"rendered":"<p class=\"selectable-text copyable-text x15bjb6t x1n2onr6\" dir=\"ltr\"><span class=\"selectable-text copyable-text\">\u00a0Mascara de pesta\u00f1as con f<\/span><span class=\"selectable-text copyable-text\">\u00f3rmula de larga duraci\u00f3n a prueba de agua que por la forma de su cepillo, es ideal para dar volumen y longitud. Gracias a sus ingredientes de Vitamina E y t\u00e9 verde, nutre y fortalece las pesta\u00f1as obteniendo un efecto rizado todo el d\u00eda.<\/span><\/p>\n<p class=\"selectable-text copyable-text x15bjb6t x1n2onr6\" dir=\"ltr\"><span class=\"selectable-text copyable-text\">Ingredientes: Cera de abeja, cera microcristalina, aceites de lanolina, \u00f3xidos de Hierro, aceite de t\u00e9 verde y vitamina E.<\/span><\/p>\n","protected":false},"excerpt":{"rendered":"<p><span class=\"selectable-text copyable-text\">\u00a0Mascara de pesta\u00f1as con f<\/span><span class=\"selectable-text copyable-text\">\u00f3rmula de larga duraci\u00f3n a prueba de agua que por la forma de su cepillo, es ideal para dar volumen y longitud<\/span><\/p>\n","protected":false},"featured_media":16947,"comment_status":"open","ping_status":"closed","template":"","meta":{"_bst_post_transparent":"default","_bst_post_title":"","_bst_post_layout":"default","_bst_post_sidebar_id":"","_bst_post_content_style":"default","_bst_post_vertical_padding":"default","_bst_post_feature":"","_bst_post_feature_position":"","_bst_post_header":false,"_bst_post_footer":false,"_joinchat":[]},"product_brand":[],"product_cat":[130],"product_tag":[],"class_list":{"0":"post-16946","1":"product","2":"type-product","3":"status-publish","4":"has-post-thumbnail","6":"product_cat-cosmeticos","8":"first","9":"instock","10":"shipping-taxable","11":"purchasable","12":"product-type-simple","13":"entry","14":"content-bg","15":"loop-entry"},"_links":{"self":[{"href":"https:\/\/dermaquint.com.mx\/index.php?rest_route=\/wp\/v2\/product\/16946","targetHints":{"allow":["GET"]}}],"collection":[{"href":"https:\/\/dermaquint.com.mx\/index.php?rest_route=\/wp\/v2\/product"}],"about":[{"href":"https:\/\/dermaquint.com.mx\/index.php?rest_route=\/wp\/v2\/types\/product"}],"replies":[{"embeddable":true,"href":"https:\/\/dermaquint.com.mx\/index.php?rest_route=%2Fwp%2Fv2%2Fcomments&post=16946"}],"wp:featuredmedia":[{"embeddable":true,"href":"https:\/\/dermaquint.com.mx\/index.php?rest_route=\/wp\/v2\/media\/16947"}],"wp:attachment":[{"href":"https:\/\/dermaquint.com.mx\/index.php?rest_route=%2Fwp%2Fv2%2Fmedia&parent=16946"}],"wp:term":[{"taxonomy":"product_brand","embeddable":true,"href":"https:\/\/dermaquint.com.mx\/index.php?rest_route=%2Fwp%2Fv2%2Fproduct_brand&post=16946"},{"taxonomy":"product_cat","embeddable":true,"href":"https:\/\/dermaquint.com.mx\/index.php?rest_route=%2Fwp%2Fv2%2Fproduct_cat&post=16946"},{"taxonomy":"product_tag","embeddable":true,"href":"https:\/\/dermaquint.com.mx\/index.php?rest_route=%2Fwp%2Fv2%2Fproduct_tag&post=16946"}],"curies":[{"name":"wp","href":"https:\/\/api.w.org\/{rel}","templated":true}]}}