{"id":17071,"date":"2025-10-07T18:04:05","date_gmt":"2025-10-07T18:04:05","guid":{"rendered":"https:\/\/dermaquint.com.mx\/?post_type=product&#038;p=17071"},"modified":"2025-10-07T18:04:05","modified_gmt":"2025-10-07T18:04:05","slug":"body-lotion","status":"publish","type":"product","link":"https:\/\/dermaquint.com.mx\/?product=body-lotion","title":{"rendered":"BODY LOTION"},"content":{"rendered":"<p>Esta loci\u00f3n corporal de doble funci\u00f3n ofrece hidrataci\u00f3n y humectaci\u00f3n mientras se absorbe r\u00e1pidamente.<\/p>\n<p>\ud83d\udca7 Hidrataci\u00f3n gracias a su suero en gel.<br \/>\n\ud83d\udc96 Humectaci\u00f3n profunda por su contenido en glicerina.<br \/>\n\ud83c\udf31 Aceite de semilla de macadamia para nutrir la piel.<br \/>\n\ud83c\udf51 Aroma irresistible, la combinaci\u00f3n de papaya y durazno envuelve tu piel en un delicioso y fresco aroma.<\/p>\n","protected":false},"excerpt":{"rendered":"<p>Esta loci\u00f3n corporal de doble funci\u00f3n ofrece hidrataci\u00f3n y humectaci\u00f3n mientras se absorbe r\u00e1pidamente.<\/p>\n","protected":false},"featured_media":17073,"comment_status":"open","ping_status":"closed","template":"","meta":{"_bst_post_transparent":"default","_bst_post_title":"","_bst_post_layout":"default","_bst_post_sidebar_id":"","_bst_post_content_style":"default","_bst_post_vertical_padding":"default","_bst_post_feature":"","_bst_post_feature_position":"","_bst_post_header":false,"_bst_post_footer":false,"_joinchat":[]},"product_brand":[],"product_cat":[130],"product_tag":[],"class_list":{"0":"post-17071","1":"product","2":"type-product","3":"status-publish","4":"has-post-thumbnail","6":"product_cat-cosmeticos","8":"first","9":"instock","10":"shipping-taxable","11":"purchasable","12":"product-type-simple","13":"entry","14":"content-bg","15":"loop-entry"},"_links":{"self":[{"href":"https:\/\/dermaquint.com.mx\/index.php?rest_route=\/wp\/v2\/product\/17071","targetHints":{"allow":["GET"]}}],"collection":[{"href":"https:\/\/dermaquint.com.mx\/index.php?rest_route=\/wp\/v2\/product"}],"about":[{"href":"https:\/\/dermaquint.com.mx\/index.php?rest_route=\/wp\/v2\/types\/product"}],"replies":[{"embeddable":true,"href":"https:\/\/dermaquint.com.mx\/index.php?rest_route=%2Fwp%2Fv2%2Fcomments&post=17071"}],"wp:featuredmedia":[{"embeddable":true,"href":"https:\/\/dermaquint.com.mx\/index.php?rest_route=\/wp\/v2\/media\/17073"}],"wp:attachment":[{"href":"https:\/\/dermaquint.com.mx\/index.php?rest_route=%2Fwp%2Fv2%2Fmedia&parent=17071"}],"wp:term":[{"taxonomy":"product_brand","embeddable":true,"href":"https:\/\/dermaquint.com.mx\/index.php?rest_route=%2Fwp%2Fv2%2Fproduct_brand&post=17071"},{"taxonomy":"product_cat","embeddable":true,"href":"https:\/\/dermaquint.com.mx\/index.php?rest_route=%2Fwp%2Fv2%2Fproduct_cat&post=17071"},{"taxonomy":"product_tag","embeddable":true,"href":"https:\/\/dermaquint.com.mx\/index.php?rest_route=%2Fwp%2Fv2%2Fproduct_tag&post=17071"}],"curies":[{"name":"wp","href":"https:\/\/api.w.org\/{rel}","templated":true}]}}