{"id":17142,"date":"2025-10-11T17:15:43","date_gmt":"2025-10-11T17:15:43","guid":{"rendered":"https:\/\/dermaquint.com.mx\/?post_type=product&#038;p=17142"},"modified":"2025-10-14T18:23:49","modified_gmt":"2025-10-14T18:23:49","slug":"shampoo-capilar-antigrasa","status":"publish","type":"product","link":"https:\/\/dermaquint.com.mx\/?product=shampoo-capilar-antigrasa","title":{"rendered":"SHAMPOO CAPILAR ANTIGRASA"},"content":{"rendered":"<p>Reductor de grasa de cuero cabelludo y \u00e1reas seborreicas del cuerpo,\u00a0caspa y psoriasis.<\/p>\n<p>Excelente queratol\u00edtico, reductor y emulsificante de grasa de cuero cabelludo y \u00e1reas seborreicas.<\/p>\n<p>Inhibe la excesiva producci\u00f3n celular de la epidermis.<\/p>\n<p>Posee una acci\u00f3n antibacteriana y antis\u00e9ptica adem\u00e1s antiinflamatoria.<\/p>\n","protected":false},"excerpt":{"rendered":"<p>Reductor de grasa de cuero cabelludo y \u00e1reas seborreicas del cuerpo,\u00a0caspa y psoriasis.<\/p>\n","protected":false},"featured_media":17153,"comment_status":"open","ping_status":"closed","template":"","meta":{"_bst_post_transparent":"default","_bst_post_title":"","_bst_post_layout":"default","_bst_post_sidebar_id":"","_bst_post_content_style":"default","_bst_post_vertical_padding":"default","_bst_post_feature":"","_bst_post_feature_position":"","_bst_post_header":false,"_bst_post_footer":false,"_joinchat":[]},"product_brand":[],"product_cat":[79],"product_tag":[],"class_list":{"0":"post-17142","1":"product","2":"type-product","3":"status-publish","4":"has-post-thumbnail","6":"product_cat-shampoo","8":"first","9":"instock","10":"shipping-taxable","11":"purchasable","12":"product-type-simple","13":"entry","14":"content-bg","15":"loop-entry"},"_links":{"self":[{"href":"https:\/\/dermaquint.com.mx\/index.php?rest_route=\/wp\/v2\/product\/17142","targetHints":{"allow":["GET"]}}],"collection":[{"href":"https:\/\/dermaquint.com.mx\/index.php?rest_route=\/wp\/v2\/product"}],"about":[{"href":"https:\/\/dermaquint.com.mx\/index.php?rest_route=\/wp\/v2\/types\/product"}],"replies":[{"embeddable":true,"href":"https:\/\/dermaquint.com.mx\/index.php?rest_route=%2Fwp%2Fv2%2Fcomments&post=17142"}],"wp:featuredmedia":[{"embeddable":true,"href":"https:\/\/dermaquint.com.mx\/index.php?rest_route=\/wp\/v2\/media\/17153"}],"wp:attachment":[{"href":"https:\/\/dermaquint.com.mx\/index.php?rest_route=%2Fwp%2Fv2%2Fmedia&parent=17142"}],"wp:term":[{"taxonomy":"product_brand","embeddable":true,"href":"https:\/\/dermaquint.com.mx\/index.php?rest_route=%2Fwp%2Fv2%2Fproduct_brand&post=17142"},{"taxonomy":"product_cat","embeddable":true,"href":"https:\/\/dermaquint.com.mx\/index.php?rest_route=%2Fwp%2Fv2%2Fproduct_cat&post=17142"},{"taxonomy":"product_tag","embeddable":true,"href":"https:\/\/dermaquint.com.mx\/index.php?rest_route=%2Fwp%2Fv2%2Fproduct_tag&post=17142"}],"curies":[{"name":"wp","href":"https:\/\/api.w.org\/{rel}","templated":true}]}}