{"id":17203,"date":"2025-11-10T19:09:49","date_gmt":"2025-11-10T19:09:49","guid":{"rendered":"https:\/\/dermaquint.com.mx\/?post_type=product&#038;p=17203"},"modified":"2025-11-10T19:09:49","modified_gmt":"2025-11-10T19:09:49","slug":"intensity-glam","status":"publish","type":"product","link":"https:\/\/dermaquint.com.mx\/?product=intensity-glam","title":{"rendered":"INTENSITY GLAM"},"content":{"rendered":"<p>Descubre el poder del color con Intensity Glam, una paleta con cuatro sombras de ojos de alta pigmentaci\u00f3n y textura suave. Dise\u00f1ada para ofrecer un acabado profesional, combina tonos mate intensos con sombras met\u00e1licas de alto brillo, gracias a su f\u00f3rmula enriquecida con pigmentos minerales concentrados que garantizan color vibrante y luminosidad excepcional desde la primera aplicaci\u00f3n.<\/p>\n","protected":false},"excerpt":{"rendered":"<p>Descubre el poder del color con Intensity Glam, una paleta con cuatro sombras de ojos de alta pigmentaci\u00f3n y textura suave.<\/p>\n","protected":false},"featured_media":17204,"comment_status":"open","ping_status":"closed","template":"","meta":{"_bst_post_transparent":"default","_bst_post_title":"","_bst_post_layout":"default","_bst_post_sidebar_id":"","_bst_post_content_style":"default","_bst_post_vertical_padding":"default","_bst_post_feature":"","_bst_post_feature_position":"","_bst_post_header":false,"_bst_post_footer":false,"_joinchat":[]},"product_brand":[],"product_cat":[130],"product_tag":[],"class_list":{"0":"post-17203","1":"product","2":"type-product","3":"status-publish","4":"has-post-thumbnail","6":"product_cat-cosmeticos","8":"first","9":"instock","10":"shipping-taxable","11":"purchasable","12":"product-type-simple","13":"entry","14":"content-bg","15":"loop-entry"},"_links":{"self":[{"href":"https:\/\/dermaquint.com.mx\/index.php?rest_route=\/wp\/v2\/product\/17203","targetHints":{"allow":["GET"]}}],"collection":[{"href":"https:\/\/dermaquint.com.mx\/index.php?rest_route=\/wp\/v2\/product"}],"about":[{"href":"https:\/\/dermaquint.com.mx\/index.php?rest_route=\/wp\/v2\/types\/product"}],"replies":[{"embeddable":true,"href":"https:\/\/dermaquint.com.mx\/index.php?rest_route=%2Fwp%2Fv2%2Fcomments&post=17203"}],"wp:featuredmedia":[{"embeddable":true,"href":"https:\/\/dermaquint.com.mx\/index.php?rest_route=\/wp\/v2\/media\/17204"}],"wp:attachment":[{"href":"https:\/\/dermaquint.com.mx\/index.php?rest_route=%2Fwp%2Fv2%2Fmedia&parent=17203"}],"wp:term":[{"taxonomy":"product_brand","embeddable":true,"href":"https:\/\/dermaquint.com.mx\/index.php?rest_route=%2Fwp%2Fv2%2Fproduct_brand&post=17203"},{"taxonomy":"product_cat","embeddable":true,"href":"https:\/\/dermaquint.com.mx\/index.php?rest_route=%2Fwp%2Fv2%2Fproduct_cat&post=17203"},{"taxonomy":"product_tag","embeddable":true,"href":"https:\/\/dermaquint.com.mx\/index.php?rest_route=%2Fwp%2Fv2%2Fproduct_tag&post=17203"}],"curies":[{"name":"wp","href":"https:\/\/api.w.org\/{rel}","templated":true}]}}